t is the hundred thousands digit of 4580035?
5
What is the thousands digit of 30605511?
5
What is the thousands digit of 367515?
7
What is the units digit of 98548?
8
What is the hundred thousands digit of 367930?
3
What is the thousands digit of 477973?
7
What is the hundreds digit of 169282?
2
What is the hundreds digit of 2797537?
5
What is the millions digit of 17333387?
7
What is the hundred thousands digit of 2679134?
6
What is the thousands digit of 694103?
4
What is the thousands digit of 1077705?
7
What is the tens digit of 378138?
3
What is the hundred thousands digit of 2631691?
6
What is the hundred thousands digit of 480087?
4
What is the ten thousands digit of 32829284?
2
What is the tens digit of 421595?
9
What is the hundreds digit of 1800017?
0
What is the tens digit of 116824?
2
What is the hundreds digit of 179383?
3
What is the ten thousands digit of 269494?
6
What is the ten thousands digit of 214509?
1
What is the hundreds digit of 471234?
2
What is the ten thousands digit of 34162936?
6
What is the units digit of 133302?
2
What is the units digit of 319115?
5
What is the thousands digit of 3726622?
6
What is the thousands digit of 186505?
6
What is the tens digit of 8586404?
0
What is the tens digit of 3971334?
3
What is the ten thousands digit of 385084?
8
What is the hundred thousands digit of 3101693?
1
What is the ten thousands digit of 110765?
1
What is the ten thousands digit of 585771?
8
What is the thousands digit of 21051?
1
What is the hundred thousands digit of 887359?
8
What is the hundred thousands digit of 433589?
4
What is the ten thousands digit of 507879?
0
What is the units digit of 693677?
7
What is the hundred thousands digit of 5360648?
3
What is the thousands digit of 3941255?
1
What is the millions digit of 1629127?
1
What is the hundreds digit of 49994?
9
What is the millions digit of 4076064?
4
What is the ten thousands digit of 7195655?
9
What is the tens digit of 44253?
5
What is the thousands digit of 74592?
4
What is the tens digit of 15627777?
7
What is the ten thousands digit of 132333?
3
What is the tens digit of 525777?
7
What is the units digit of 5198696?
6
What is the thousands digit of 108585?
8
What is the tens digit of 684995?
9
What is the tens digit of 2194761?
6
What is the millions digit of 12900108?
2
What is the hundreds digit of 1350129?
1
What is the units digit of 112885?
5
What is the hundred thousands digit of 134258?
1
What is the thousands digit of 5835309?
5
What is the ten thousands digit of 8674244?
7
What is the hundreds digit of 1109800?
8
What is the hundred thousands digit of 4155383?
1
What is the tens digit of 891257?
5
What is the ten thousands digit of 166823?
6
What is the millions digit of 2523821?
2
What is the tens digit of 1807092?
9
What is the ten thousands digit of 247300?
4
What is the hundred thousands digit of 101517?
1
What is the hundred thousands digit of 1170626?
1
What is the thousands digit of 307031?
7
What is the ten thousands digit of 76231?
7
What is the thousands digit of 3400768?
0
What is the thousands digit of 2668327?
8
What is the tens digit of 2532300?
0
What is the units digit of 174003?
3
What is the units digit of 4251089?
9
What is the hundreds digit of 2708756?
7
What is the tens digit of 3516204?
0
What is the millions digit of 3249270?
3
What is the ten thousands digit of 2752418?
5
What is the ten thousands digit of 8269829?
6
What is the thousands digit of 4617511?
7
What is the ten thousands digit of 31528189?
2
What is the tens digit of 338612?
1
What is the tens digit of 8819831?
3
What is the ten thousands digit of 849208?
4
What is the hundreds digit of 7616256?
2
What is the ten thousands digit of 59541?
5
What is the ten millions digit of 17845192?
1
What is the hundred thousands digit of 2261569?
2
What is the units digit of 68918?
8
What is the units digit of 2838375?
5
What is the thousands digit of 8873358?
3
What is the hundreds digit of 16224934?
9
What is the ten thousands digit of 234593?
3
What is the thousands digit of 4200435?
0
What is the tens digit of 1949500?
0
What is the ten thousands digit of 233494?
3
What is the thousands digit of 257516?
7
What is the ten thousands digit of 4750780?
5
What is the ten thousands digit of 44315129?
1
What is the thousands digit of 163690?
3
What is the tens digit of 213112?
1
What is the units digit of 239851?
1
What is the units digit of 602860?
0
What is the hundreds digit of 3307561?
5
What is the thousands digit of 222844?
2
What is the hundreds digit of 18203791?
7
What is the tens digit of 595218?
1
What is the hundreds digit of 2387956?
9
What is the hundreds digit of 891719?
7
What is the thousands digit of 259813?
9
What is the units digit of 20773162?
2
What is the units digit of 181532?
2
What is the units digit of 3246825?
5
What is the millions digit of 2896747?
2
What is the tens digit of 1155260?
6
What is the tens digit of 329568?
6
What is the hundred thousands digit of 1721692?
7
What is the millions digit of 4479806?
4
What is the millions digit of 1528616?
1
What is the thousands digit of 209542?
9
What is the units digit of 3019715?
5
What is the units digit of 2700226?
6
What is the units digit of 505767?
7
What is the units digit of 586745?
5
What is the ten thousands digit of 184853?
8
What is the thousands digit of 5165091?
5
What is the thousands digit of 856533?
6
What is the hundred thousands digit of 1908754?
9
What is the thousands digit of 867004?
7
What is the hundred thousands digit of 7300540?
3
What is the hundreds digit of 321333?
3
What is the tens digit of 2232579?
7
What is the hundred thousands digit of 2668232?
6
What is the ten millions digit of 18486817?
1
What is the thousands digit of 409504?
9
What is the hundred thousands digit of 3292218?
2
What is the tens digit of 9335697?
9
What is the thousands digit of 4729?
4
What is the thousands digit of 303903?
3
What is the tens digit of 2803210?
1
What is the thousands digit of 5427932?
7
What is the hundreds digit of 7871165?
1
What is the tens digit of 28643?
4
What is the thousands digit of 1079266?
9
What is the ten thousands digit of 636728?
3
What is the hundreds digit of 38365?
3
What is the ten thousands digit of 416732?
1
What is the hundred thousands digit of 532628?
5
What is the ten thousands digit of 177265?
7
What is the tens digit of 2798039?
3
What is the thousands digit of 17684401?
4
What is the tens digit of 307023?
2
What is the thousands digit of 164782?
4
What is the millions digit of 2148455?
2
What is the thousands digit of 327504?
7
What is the hundred thousands digit of 526054?
5
What is the ten thousands digit of 432573?
3
What is the thousands digit of 23865485?
5
What is the millions digit of 14492719?
4
What is the hundreds digit of 2951348?
3
What is the thousands digit of 1798592?
8
What is the thousands digit of 720638?
0
What is the thousands digit of 12339780?
9
What is the tens digit of 465068?
6
What is the units digit of 16228074?
4
What is the units digit of 7284126?
6
What is the ten thousands digit of 321051?
2
What is the ten thousands digit of 1101636?
0
What is the hundreds digit of 124054?
0
What is the ten thousands digit of 434152?
3
What is the ten thousands digit of 926001?
2
What is the millions digit of 15155421?
5
What is the hundred thousands digit of 1770976?
7
What is the ten thousands digit of 1412511?
1
What is the millions digit of 1311821?
1
What is the hundred thousands digit of 148192?
1
What is the hundreds digit of 623178?
1
What is the ten thousands digit of 680333?
8
What is the hundred thousands digit of 116377?
1
What is the hundred thousands digit of 5310007?
3
What is the ten thousands digit of 2010953?
1
What is the units digit of 14070568?
8
What is the tens digit of 173146?
4
What is the thousands digit of 1539820?
9
What is the ten thousands digit of 8884284?
8
What is the hundreds digit of 383459?
4
What is the tens digit of 14519569?
6
What is the units digit of 3157109?
9
What is the tens digit of 573091?
9
What is the millions digit of 6222057?
6
What is the tens digit of 12129?
2
What is the units digit of 278498?
8
What is the tens digit of 100563?
6
What is the ten thousands digit of 314961